/(-154). Suppose 2*t - 36 = -3*q, 2*q - w = -t - 1. What is the remainder when 212 is divided by t?
14
Suppose 4*o - 3*t = 8, -5*o + 4*t - 634 = -641. Suppose i + 4*m - 25 = 0, -3*m - 41 - 53 = -2*i. Calculate the remainder when i is divided by o.
8
Suppose -26*f - 55 - 49 = 0. Calculate the remainder when 56 is divided by f/(-10) + (5 - (-522)/45).
5
Let q(u) = 3*u**2 + u. Let h be q(-2). Calculate the remainder when 5/(h/(-4)) - -33 is divided by 60/6*(-2)/(-1).
11
Let r = 296 - 103. Let o = r + -190. Calculate the remainder when 1 + 0 + 5*2 is divided by o.
2
Suppose 0 = 28*x - 130 - 38. Suppose x*b = -9*b + 60. What is the remainder when 6 is divided by b?
2
Suppose 9 = 6*o - 39. Let s(k) = k**3 - 7*k**2 - 5*k - 25. Let z be s(o). Let m = 17 + z. Calculate the remainder when 47 is divided by m.
15
Let o = 262 - 160. What is the remainder when o is divided by 26?
24
Suppose z + 6 = 3*h, 3*h = 5*z + 2*h - 12. Let w be 4 + (-8 + z - -3). Let i = w + 15. Calculate the remainder when 101 is divided by i.
16
Let o be (-3 - (5 + -5))*(-2 + 1). Suppose -14*i - 194 = -4*j - 12*i, 0 = j - o*i - 56. What is the remainder when j is divided by 20?
7
Let w be 13 - 21/(13 - 6). Suppose -i = 4*f - 8, w*f = 2*i + 11*f - 9. What is the remainder when i is divided by 2?
0
Let h = 2168 - 1464. What is the remainder when h is divided by -94*(1/(-16))/(473/3784)?
46
Suppose -8*g - 111 = -303. Let t = g + 7. Suppose 0 = -3*x + 6*x - 2*w - t, 5*x + 2*w = 57. What is the remainder when 14 is divided by x?
3
Let u = 80 + 23. Let z = u - 93. What is the remainder when 277 is divided by z?
7
Let u = 2660 - 2544. Calculate the remainder when 166 is divided by u.
50
What is the remainder when 30 is divided by -3*1/7 - ((-152)/28 - 0)?
0
Suppose -4*y + 1560 = -30*y. Let a = y + 88. Calculate the remainder when 249 is divided by a.
25
Let q(p) = -243*p - 2125. Calculate the remainder when q(-10) is divided by 108.
89
Suppose 5*u + 53 = 3*j, 5*j - j - u - 65 = 0. Suppose x - 47 = -50. What is the remainder when x + (-897)/(-18) - (-13)/78 is divided by j?
15
What is the remainder when 433 is divided by (3/27 - (-7952)/(-126))*-1?
55
Let z be 89/6 + 4/(-120)*-5. Suppose 2561 - 869 = 18*r. What is the remainder when r is divided by (72/z)/(9/60)?
30
Suppose 61*z + 3*o - 1668 = 60*z, -z - 2*o + 1670 = 0. What is the remainder when z is divided by 17?
8
Suppose -160*t = -167*t + 525. Calculate the remainder when t is divided by -3 + (28 - 26)/(1/9).
0
Suppose l + 2*h - 171 = 0, l - 252*h - 192 = -251*h. Calculate the remainder when l is divided by 95.
90
Let v be 20/70 + 3/((-42)/2020). Let n = v - -193. Calculate the remainder when 389 is divided by n.
46
Suppose -2614 - 13770 = -64*u. What is the remainder when u is divided by 15?
1
Let x(c) be the second derivative of -34*c - 17/2*c**2 + 0 - 1/6*c**3 + 1/12*c**4. Calculate the remainder when 51 is divided by x(-5).
12
Let u(f) = 4*f**2 + 10*f + 10. Let z be u(-6). Let q = 264 - z. Suppose -2*h + 12*h - q = 0. Calculate the remainder when 31 is divided by h.
14
Let d = 2207 + -2162. What is the remainder when d is divided by 34?
11
Let q(j) be the second derivative of -5*j**3/3 - 44*j**2 - 2*j + 12. Calculate the remainder when q(-14) is divided by 10/(-4)*154/(-35).
8
Let n = -529 + 549. What is the remainder when 41/(-3)*(-240)/n is divided by 15?
14
Let i = 7943 - 5620. Calculate the remainder when i is divided by 97.
92
Calculate the remainder when (-17654)/(-10) + 2 + ((-705)/75 - -9) is divided by 10.
7
Let z = 1365 - -2776. Calculate the remainder when z is divided by 148.
145
Suppose 5*y + 40 = -i - i, -100 = 4*i + 5*y. Calculate the remainder when (-410)/i + (4/(-6))/1 is divided by 2.
1
Let d = -96 + 132. Calculate the remainder when 45 is divided by d*((-24)/9)/(-4).
21
Suppose 308 = -3*k - 4*k + 882. What is the remainder when k is divided by 42?
40
Let u(q) = 256*q + 70. Let w be u(2). Let j = -343 + w. Calculate the remainder when j is divided by 30.
29
Suppose 4*v - 495 = -13*q + 8*q, -4*v - 3*q = -497. Suppose -2*d + x = -66, 5*d - v - 40 = -2*x. What is the remainder when 362 is divided by d?
32
Suppose -4*i + 434 = -35*f + 38*f, 2*f - 320 = 5*i. Calculate the remainder when 1925 is divided by f.
125
Suppose -3*r + 480 = -0*r. Suppose -5*f + 5*i + 2 - 27 = 0, 3*i + 3 = 0. Calculate the remainder when r is divided by 14 - (13 + f + -16).
22
Let t = 243 + -287. Let q = t - -75. What is the remainder when 106 is divided by q?
13
Suppose 0 = d - 5*x - 139, 29*x = 5*d + 27*x - 672. What is the remainder when d is divided by 68?
66
Let g(x) = -x**2 - 71*x + 1425. Calculate the remainder when g(-81) is divided by 202.
9
Suppose m = -4*b + 6849, 6249*b - 6245*b - 20539 = -3*m. Calculate the remainder when m is divided by 107.
104
Let t(k) = -17*k - 104. Let w be t(-9). Suppose -w = -5*u - 4*a, -a = -9 + 8. What is the remainder when 159 is divided by u?
6
Suppose 73*u = 31157 + 35784. Calculate the remainder when 2751 is divided by u.
0
Let h = -6 + -93. Suppose 0 = -a - 4, -2*a + a = 5*m + 629. Let u = h - m. What is the remainder when u is divided by 9?
8
Let v = 309 - 273. Suppose -4*c - c = -105. What is the remainder when v is divided by c - -1*(3 - 3)?
15
Suppose 2*g = -3*r + 63, -3*g - 2*r + 68 = -g. What is the remainder when 853 is divided by g?
34
Let p(d) = -11*d**3 + d + 2. Let i(m) = -m**2 - 9*m - 21. Let h be i(-5). What is the remainder when (-20)/(-5) + 57/3 is divided by p(h)?
11
Suppose -8*b = -5*b + 18. Let i(k) = 3*k**2 - 25*k + 9 + 54*k - 13*k. What is the remainder when i(b) is divided by 8?
5
Let n be -2 - (-49 - (-1)/((-2)/4)). What is the remainder when ((-61)/(-4))/(n/196) is divided by 38?
23
Suppose -18397 = -362*l + 17803. What is the remainder when 899 is divided by l?
99
Suppose -3*y = 2*t - 16, y - 20 = -4*y. Suppose -v - 14 = -h, -5*v + 0 = -h - t. Calculate the remainder when h is divided by (10/6)/(1/6).
8
Suppose 2*x = 4*a - 1882, 2*x = -13*a + 10*a + 1429. Suppose 0 = 9*m - a - 364. Calculate the remainder when m is divided by 20.
13
Suppose -20*y = 19*y - 1404. Calculate the remainder when 1146 is divided by y.
30
Let y be (-3)/2*84/18. Let i(j) = -4*j + 6. What is the remainder when i(y) is divided by (9/12 + 0)/(6/144)?
16
Suppose -4*k = 4*u - 25128, -83*k + 87*k - 25116 = -2*u. Calculate the remainder when k is divided by 23.
20
Let c(f) = f**3 - 51*f**2 + 100*f - 67. What is the remainder when (-2 + 1)*324/(-4) is divided by c(49)?
19
Let g(l) = -23*l - 2. Let m(w) = 370*w - 5874. What is the remainder when g(-4) is divided by m(16)?
44
Let b = -5851 + 5888. Let q = 47 - -42. What is the remainder when q is divided by b?
15
Let m = 838 - 807. Calculate the remainder when 211 is divided by m.
25
Let h be 16 - 8/(24/(-15)). Suppose -h*q + 132 = -18*q. Calculate the remainder when 174 is divided by q.
42
Let b be (35/(-25))/((-4)/(18 - -2)). Let u(c) = -c**3 + 5*c**2 + 17*c - 6. What is the remainder when 73 is divided by u(b)?
13
Suppose -3*b = -12, -4*w - 12760 + 13116 = -3*b. Calculate the remainder when w is divided by ((-44)/2)/((-14)/21).
26
Suppose -7*h = -3*h + 3*z - 6, 5*z = h + 10. Suppose 15*y + y - 112 = h. What is the remainder when y is divided by 3?
1
Let d(c) = -3*c**3 - c**2 - 23*c - 3. Let z(k) = -2*k**3 - k**2 - 11*k - 2. Let s(i) = 3*d(i) - 5*z(i). What is the remainder when s(4) is divided by 1?
0
Let o(n) = 47*n**2 + 693*n + 6. What is the remainder when o(-16) is divided by 27?
5
Let v(o) = -o + 20. Let y be v(11). Let w(g) = -6*g - 11 + y*g**2 + 11 - 1 + g**3. What is the remainder when w(-4) is divided by 21?
19
Suppose 52*p + 12711 = -42*p + 151*p. What is the remainder when p is divided by 108?
7
Let p(r) = -187*r + 1161. What is the remainder when p(6) is divided by 31?
8
Suppose 0 = -m - w + 23, 3*m - 45 = 12*w - 9*w. Suppose -383 = -m*u + 168. Calculate the remainder when 144 is divided by u.
28
Suppose 0 = -4*g - 2*o + 88, 0 = 5*g - 1317*o + 1314*o - 110. What is the remainder when 2837 is divided by g?
21
Let u be (-2)/(-3) - (-11)/(-3). Let k be (-9 + 9)/(2 + u). Suppose -5*p = -3*j - 66, -p + k*j + 2*j = -16. Calculate the remainder when 93 is divided by p.
9
Let r = -11804 - -12406. What is the remainder when r is divided by 16?
10
Let v